{"id":5764,"date":"2017-05-27T16:11:06","date_gmt":"2017-05-27T19:11:06","guid":{"rendered":"http:\/\/www.cintamani.com.br\/loja\/glossary-2\/"},"modified":"2017-06-03T12:48:19","modified_gmt":"2017-06-03T15:48:19","slug":"glossary","status":"publish","type":"page","link":"https:\/\/www.cintamani.com.br\/loja\/glossary\/","title":{"rendered":"Gloss\u00e1rio"},"content":{"rendered":"<h5><img loading=\"lazy\" decoding=\"async\" class=\"alignleft size-thumbnail wp-image-1294\" src=\"http:\/\/www.cintamani.com.br\/loja\/wp-content\/uploads\/2015\/03\/webmaster-150x28.png\" alt=\"\" width=\"150\" height=\"28\" srcset=\"https:\/\/www.cintamani.com.br\/loja\/wp-content\/uploads\/2015\/03\/webmaster-150x28.png 150w, https:\/\/www.cintamani.com.br\/loja\/wp-content\/uploads\/2015\/03\/webmaster-300x56.png 300w, https:\/\/www.cintamani.com.br\/loja\/wp-content\/uploads\/2015\/03\/webmaster.png 427w\" sizes=\"auto, (max-width: 150px) 100vw, 150px\" \/>ATEN\u00c7\u00c3O: p\u00e1gina em edi\u00e7\u00e3o.<br \/>\nEstamos trabalhando para produzir um gloss\u00e1rio de termos tibetanos, de acesso aberto e gratu\u00edto.<br \/>\nTodos os editores s\u00e3o volunt\u00e1rios, mas dedicados,\u00a0trabalhando\u00a0com a orienta\u00e7\u00e3o de apenas traduzir, sem interpretar, sempre com foco na autenticidade dos textos.<br \/>\nAgradecemos a paci\u00eancia, colabora\u00e7\u00e3o e doa\u00e7\u00e3o para que possamos nos dedicar mais tempo ao projeto.<\/h5>\n<form action=\"https:\/\/www.paypal.com\/cgi-bin\/webscr\" method=\"post\" target=\"_top\"><input name=\"cmd\" type=\"hidden\" value=\"_s-xclick\" \/> <input name=\"hosted_button_id\" type=\"hidden\" value=\"GBX7PXBPZ66Y6\" \/> <input alt=\"PayPal - A maneira f\u00e1cil e segura de enviar pagamentos online!\" name=\"submit\" src=\"https:\/\/www.paypalobjects.com\/pt_BR\/BR\/i\/btn\/btn_donateCC_LG.gif\" type=\"image\" \/> <img loading=\"lazy\" decoding=\"async\" src=\"https:\/\/www.paypalobjects.com\/pt_BR\/i\/scr\/pixel.gif\" alt=\"\" width=\"1\" height=\"1\" border=\"0\" \/><\/form>\n<p>\u00a0<code><\/code>[glossary]\n","protected":false},"excerpt":{"rendered":"<p>ATEN\u00c7\u00c3O: p\u00e1gina em edi\u00e7\u00e3o. Estamos trabalhando para produzir um gloss\u00e1rio de termos tibetanos, de acesso aberto e gratu\u00edto. Todos os editores s\u00e3o volunt\u00e1rios, mas dedicados,\u00a0trabalhando\u00a0com a orienta\u00e7\u00e3o de apenas traduzir, sem interpretar, sempre com foco na autenticidade dos textos. Agradecemos a paci\u00eancia, colabora\u00e7\u00e3o e doa\u00e7\u00e3o para que possamos nos dedicar [&#8230;]<\/p>\n","protected":false},"author":19560,"featured_media":0,"parent":0,"menu_order":0,"comment_status":"closed","ping_status":"closed","template":"","meta":{"footnotes":""},"class_list":["post-5764","page","type-page","status-publish","hentry"],"_links":{"self":[{"href":"https:\/\/www.cintamani.com.br\/loja\/wp-json\/wp\/v2\/pages\/5764","targetHints":{"allow":["GET"]}}],"collection":[{"href":"https:\/\/www.cintamani.com.br\/loja\/wp-json\/wp\/v2\/pages"}],"about":[{"href":"https:\/\/www.cintamani.com.br\/loja\/wp-json\/wp\/v2\/types\/page"}],"author":[{"embeddable":true,"href":"https:\/\/www.cintamani.com.br\/loja\/wp-json\/wp\/v2\/users\/19560"}],"replies":[{"embeddable":true,"href":"https:\/\/www.cintamani.com.br\/loja\/wp-json\/wp\/v2\/comments?post=5764"}],"version-history":[{"count":0,"href":"https:\/\/www.cintamani.com.br\/loja\/wp-json\/wp\/v2\/pages\/5764\/revisions"}],"wp:attachment":[{"href":"https:\/\/www.cintamani.com.br\/loja\/wp-json\/wp\/v2\/media?parent=5764"}],"curies":[{"name":"wp","href":"https:\/\/api.w.org\/{rel}","templated":true}]}}