{"id":415,"date":"2013-01-23T10:58:52","date_gmt":"2013-01-23T10:58:52","guid":{"rendered":"http:\/\/www.cintamani.com.br\/loja\/?page_id=415"},"modified":"2021-09-29T08:41:24","modified_gmt":"2021-09-29T11:41:24","slug":"contact","status":"publish","type":"page","link":"https:\/\/www.cintamani.com.br\/loja\/contact\/","title":{"rendered":"Contato"},"content":{"rendered":"<form id=\"contact-form-contact-form\" class=\"contact-form row-fluid\" method=\"post\" action=\"\" enctype=\"multipart\/form-data\">\n\n\t<div class=\"usermessagea\"><\/div>\n\t<fieldset>\n\n\t\t<ul>\n\n\t\t\t<li class=\"textarea-field  right with-icon span9\">\n\t\t\t\t<div class=\"input-prepend\"><span class=\"add-on\"><i class=\"icon-contact-text\"><\/i><\/span><textarea name=\"yit_contact[message]\" id=\"message-contact-form\" rows=\"8\" cols=\"30\" class=\"with-icon required\" placeholder=\"DIGITE SUA MENSAGEM\"><\/textarea><\/div>\n\t\t\t\t<div class=\"msg-error\"><\/div><div class=\"clear\"><\/div>\n\t\t\t<\/li>\n\t\t\t<li class=\"text-field  right-margin with-icon span3\">\n\t\t\t\t<div class=\"input-prepend\"><span class=\"add-on\"><i class=\"icon-contact-name\"><\/i><\/span><input type=\"text\" name=\"yit_contact[name]\" id=\"name-contact-form\" class=\"with-icon required\" value=\"\" placeholder=\"NOME\" \/><\/div>\n\t\t\t\t<div class=\"msg-error\"><\/div><div class=\"clear\"><\/div>\n\t\t\t<\/li>\n\t\t\t<li class=\"text-field  right-margin with-icon span3\">\n\t\t\t\t<div class=\"input-prepend\"><span class=\"add-on\"><i class=\"icon-contact-email\"><\/i><\/span><input type=\"text\" name=\"yit_contact[email]\" id=\"email-contact-form\" class=\"with-icon required email-validate\" value=\"\" placeholder=\"EMAIL\" \/><\/div>\n\t\t\t\t<div class=\"msg-error\"><\/div><div class=\"clear\"><\/div>\n\t\t\t<\/li>\n\t\t\t<li class=\"text-field  right-margin with-icon span3\">\n\t\t\t\t<div class=\"input-prepend\"><span class=\"add-on\"><i class=\"icon-contact-url\"><\/i><\/span><input type=\"text\" name=\"yit_contact[url]\" id=\"url-contact-form\" class=\"with-icon\" value=\"\" placeholder=\"WEBSITE\" \/><\/div>\n\t\t\t\t<div class=\"msg-error\"><\/div><div class=\"clear\"><\/div>\n\t\t\t<\/li>\n\t\t\t<li class=\"submit-button span9\">\n\t\t\t\t<input type=\"text\" name=\"yit_bot\" id=\"yit_bot\" \/>\n\t\t\t\t<input type=\"hidden\" name=\"yit_action\" value=\"sendemail\" id=\"yit_action\" \/>\n\t\t\t\t<input type=\"hidden\" name=\"yit_referer\" value=\"https:\/\/www.cintamani.com.br:443\/loja\/wp-json\/wp\/v2\/pages\/415\" \/>\n\t\t\t\t<input type=\"hidden\" name=\"id_form\" value=\"4\" \/>\n\t\t\t\t<input type=\"submit\" name=\"yit_sendemail\" value=\"Enviar Mensagem\" class=\"sendmail alignright\" \/>\t\t\t\t<input type=\"hidden\" id=\"_wpnonce\" name=\"_wpnonce\" value=\"60c497a0da\" \/><input type=\"hidden\" name=\"_wp_http_referer\" value=\"\/loja\/wp-json\/wp\/v2\/pages\/415\" \/>\t\t\t\t<div class=\"clear\"><\/div>\t\t\t<\/li>\n\t\t<\/ul>\n\n\t<\/fieldset>\n<div class=\"contact-form-error-messages\"><div class=\"contact-form-error-message contact-form-error\">* Insert a message<\/div>\n<div class=\"contact-form-error-name contact-form-error\">* Digite seu nome<\/div>\n<div class=\"contact-form-error-email contact-form-error\">* Digite um Email v\u00e1lido<\/div>\n<\/div>\n<\/form>\n\n<div class=\"clear\"><\/div><script type=\"text\/javascript\" src=\"https:\/\/www.cintamani.com.br\/loja\/wp-content\/themes\/bazar2022\/theme\/assets\/js\/contact.js\"><\/script>\nCintamani &#8211; Medita\u00e7\u00e3o e Arte &amp; Dawa Lama Buddhist Art &#8211; Escultura e Artefatos Religiosos<\/p>\n<h3><strong>Nova loja na sede pr\u00f3pria &#8211; Junto ao studio Dawa Lama<\/strong>:<br \/>\n<iframe loading=\"lazy\" style=\"border: 0;\" src=\"https:\/\/www.google.com\/maps\/embed?pb=!1m14!1m8!1m3!1d2970.872870978899!2d-50.7371521!3d-29.4929983!3m2!1i1024!2i768!4f13.1!3m3!1m2!1s0x0%3A0x1bd7b0caa753ff9a!2sCintamani%20-%20Medita%C3%A7%C3%A3o%20e%20Arte!5e1!3m2!1spt-BR!2sbr!4v1632915432397!5m2!1spt-BR!2sbr\" width=\"600\" height=\"450\" allowfullscreen=\"allowfullscreen\"><\/iframe><\/h3>\n<div id=\"attachment_11582\" style=\"width: 3034px\" class=\"wp-caption aligncenter\"><a style=\"border: 0;\" target=\"_blank\" rel=\"noopener noreferrer\"><img loading=\"lazy\" decoding=\"async\" aria-describedby=\"caption-attachment-11582\" class=\"wp-image-11582 size-full\" title=\"Loja Cintamani nos Jardins do Espa\u00e7o Tibet\" src=\"http:\/\/www.cintamani.com.br\/loja\/wp-content\/uploads\/2017\/10\/20171007_204448-e1507422423471.jpg\" alt=\"\" width=\"3024\" height=\"4032\" srcset=\"https:\/\/www.cintamani.com.br\/loja\/wp-content\/uploads\/2017\/10\/20171007_204448-e1507422423471.jpg 3024w, https:\/\/www.cintamani.com.br\/loja\/wp-content\/uploads\/2017\/10\/20171007_204448-e1507422423471-113x150.jpg 113w, https:\/\/www.cintamani.com.br\/loja\/wp-content\/uploads\/2017\/10\/20171007_204448-e1507422423471-225x300.jpg 225w, https:\/\/www.cintamani.com.br\/loja\/wp-content\/uploads\/2017\/10\/20171007_204448-e1507422423471-768x1024.jpg 768w\" sizes=\"auto, (max-width: 3024px) 100vw, 3024px\" \/><\/a><p id=\"caption-attachment-11582\" class=\"wp-caption-text\">Antiga Loja Cintamani &#8211; Localizada, de 2016 \u00e0 2020, nos Jardins do Espa\u00e7o Tibet, Rua Alagoas, 361, Tr\u00eas Coroas &#8211; RS<\/p><\/div>\n\n\t\t<style type=\"text\/css\">\n\t\t\t#gallery-1 {\n\t\t\t\tmargin: auto;\n\t\t\t}\n\t\t\t#gallery-1 .gallery-item {\n\t\t\t\tfloat: left;\n\t\t\t\tmargin-top: 10px;\n\t\t\t\ttext-align: center;\n\t\t\t\twidth: 33%;\n\t\t\t}\n\t\t\t#gallery-1 img {\n\t\t\t\tborder: 2px solid #cfcfcf;\n\t\t\t}\n\t\t\t#gallery-1 .gallery-caption {\n\t\t\t\tmargin-left: 0;\n\t\t\t}\n\t\t\t\/* see gallery_shortcode() in wp-includes\/media.php *\/\n\t\t<\/style>\n\t\t<div id='gallery-1' class='gallery galleryid-415 gallery-columns-3 gallery-size-thumbnail'><dl class='gallery-item'>\n\t\t\t<dt class='gallery-icon landscape'>\n\t\t\t\t<a href='https:\/\/www.cintamani.com.br\/loja\/20171007_214229\/'><img loading=\"lazy\" decoding=\"async\" width=\"150\" height=\"122\" src=\"https:\/\/www.cintamani.com.br\/loja\/wp-content\/uploads\/2017\/10\/20171007_214229-150x122.jpg\" class=\"attachment-thumbnail size-thumbnail\" alt=\"\" aria-describedby=\"gallery-1-11682\" srcset=\"https:\/\/www.cintamani.com.br\/loja\/wp-content\/uploads\/2017\/10\/20171007_214229-150x122.jpg 150w, https:\/\/www.cintamani.com.br\/loja\/wp-content\/uploads\/2017\/10\/20171007_214229-300x243.jpg 300w, https:\/\/www.cintamani.com.br\/loja\/wp-content\/uploads\/2017\/10\/20171007_214229-768x623.jpg 768w, https:\/\/www.cintamani.com.br\/loja\/wp-content\/uploads\/2017\/10\/20171007_214229-1024x830.jpg 1024w\" sizes=\"auto, (max-width: 150px) 100vw, 150px\" \/><\/a>\n\t\t\t<\/dt>\n\t\t\t\t<dd class='wp-caption-text gallery-caption' id='gallery-1-11682'>\n\t\t\t\tLoja Cintamani &#8211; Mala: ros\u00e1rio Budista\nSinging Bowl &#8211; Tigela para Medita\u00e7\u00e3o\n\t\t\t\t<\/dd><\/dl><dl class='gallery-item'>\n\t\t\t<dt class='gallery-icon landscape'>\n\t\t\t\t<a href='https:\/\/www.cintamani.com.br\/loja\/20171007_204545\/'><img loading=\"lazy\" decoding=\"async\" width=\"150\" height=\"113\" src=\"https:\/\/www.cintamani.com.br\/loja\/wp-content\/uploads\/2017\/10\/20171007_204545-150x113.jpg\" class=\"attachment-thumbnail size-thumbnail\" alt=\"\" aria-describedby=\"gallery-1-11584\" srcset=\"https:\/\/www.cintamani.com.br\/loja\/wp-content\/uploads\/2017\/10\/20171007_204545-150x113.jpg 150w, https:\/\/www.cintamani.com.br\/loja\/wp-content\/uploads\/2017\/10\/20171007_204545-300x225.jpg 300w, https:\/\/www.cintamani.com.br\/loja\/wp-content\/uploads\/2017\/10\/20171007_204545-768x576.jpg 768w, https:\/\/www.cintamani.com.br\/loja\/wp-content\/uploads\/2017\/10\/20171007_204545-1024x768.jpg 1024w\" sizes=\"auto, (max-width: 150px) 100vw, 150px\" \/><\/a>\n\t\t\t<\/dt>\n\t\t\t\t<dd class='wp-caption-text gallery-caption' id='gallery-1-11584'>\n\t\t\t\tLoja Cintamani &#8211; Pashminas e Brocados\n\t\t\t\t<\/dd><\/dl><dl class='gallery-item'>\n\t\t\t<dt class='gallery-icon landscape'>\n\t\t\t\t<a href='https:\/\/www.cintamani.com.br\/loja\/20171007_214035\/'><img loading=\"lazy\" decoding=\"async\" width=\"150\" height=\"126\" src=\"https:\/\/www.cintamani.com.br\/loja\/wp-content\/uploads\/2017\/10\/20171007_214035-150x126.jpg\" class=\"attachment-thumbnail size-thumbnail\" alt=\"\" aria-describedby=\"gallery-1-11688\" srcset=\"https:\/\/www.cintamani.com.br\/loja\/wp-content\/uploads\/2017\/10\/20171007_214035-150x126.jpg 150w, https:\/\/www.cintamani.com.br\/loja\/wp-content\/uploads\/2017\/10\/20171007_214035-300x253.jpg 300w, https:\/\/www.cintamani.com.br\/loja\/wp-content\/uploads\/2017\/10\/20171007_214035-768x647.jpg 768w, https:\/\/www.cintamani.com.br\/loja\/wp-content\/uploads\/2017\/10\/20171007_214035-1024x863.jpg 1024w\" sizes=\"auto, (max-width: 150px) 100vw, 150px\" \/><\/a>\n\t\t\t<\/dt>\n\t\t\t\t<dd class='wp-caption-text gallery-caption' id='gallery-1-11688'>\n\t\t\t\tLoja Cintamani &#8211; Bonecas Artesanais e Porcelanas Importadas\n\t\t\t\t<\/dd><\/dl><br style=\"clear: both\" \/><dl class='gallery-item'>\n\t\t\t<dt class='gallery-icon landscape'>\n\t\t\t\t<a href='https:\/\/www.cintamani.com.br\/loja\/20171007_204604\/'><img loading=\"lazy\" decoding=\"async\" width=\"150\" height=\"113\" src=\"https:\/\/www.cintamani.com.br\/loja\/wp-content\/uploads\/2017\/10\/20171007_204604-150x113.jpg\" class=\"attachment-thumbnail size-thumbnail\" alt=\"\" aria-describedby=\"gallery-1-11583\" srcset=\"https:\/\/www.cintamani.com.br\/loja\/wp-content\/uploads\/2017\/10\/20171007_204604-150x113.jpg 150w, https:\/\/www.cintamani.com.br\/loja\/wp-content\/uploads\/2017\/10\/20171007_204604-300x225.jpg 300w, https:\/\/www.cintamani.com.br\/loja\/wp-content\/uploads\/2017\/10\/20171007_204604-768x576.jpg 768w, https:\/\/www.cintamani.com.br\/loja\/wp-content\/uploads\/2017\/10\/20171007_204604-1024x768.jpg 1024w\" sizes=\"auto, (max-width: 150px) 100vw, 150px\" \/><\/a>\n\t\t\t<\/dt>\n\t\t\t\t<dd class='wp-caption-text gallery-caption' id='gallery-1-11583'>\n\t\t\t\tLoja Cintamani &#8211; Mala: Ros\u00e1rio Tibetano\n\t\t\t\t<\/dd><\/dl><dl class='gallery-item'>\n\t\t\t<dt class='gallery-icon landscape'>\n\t\t\t\t<a href='https:\/\/www.cintamani.com.br\/loja\/20171007_214340\/'><img loading=\"lazy\" decoding=\"async\" width=\"150\" height=\"113\" src=\"https:\/\/www.cintamani.com.br\/loja\/wp-content\/uploads\/2017\/10\/20171007_214340-150x113.jpg\" class=\"attachment-thumbnail size-thumbnail\" alt=\"\" aria-describedby=\"gallery-1-11685\" srcset=\"https:\/\/www.cintamani.com.br\/loja\/wp-content\/uploads\/2017\/10\/20171007_214340-150x113.jpg 150w, https:\/\/www.cintamani.com.br\/loja\/wp-content\/uploads\/2017\/10\/20171007_214340-300x225.jpg 300w, https:\/\/www.cintamani.com.br\/loja\/wp-content\/uploads\/2017\/10\/20171007_214340-768x576.jpg 768w, https:\/\/www.cintamani.com.br\/loja\/wp-content\/uploads\/2017\/10\/20171007_214340-1024x768.jpg 1024w\" sizes=\"auto, (max-width: 150px) 100vw, 150px\" \/><\/a>\n\t\t\t<\/dt>\n\t\t\t\t<dd class='wp-caption-text gallery-caption' id='gallery-1-11685'>\n\t\t\t\tLoja Cintamani &#8211; Amuletos Tibetanos, Bandeiras de Ora\u00e7\u00e3o e Mantras de Prote\u00e7\u00e3o.\n\t\t\t\t<\/dd><\/dl><dl class='gallery-item'>\n\t\t\t<dt class='gallery-icon landscape'>\n\t\t\t\t<a href='https:\/\/www.cintamani.com.br\/loja\/20171007_204537\/'><img loading=\"lazy\" decoding=\"async\" width=\"150\" height=\"113\" src=\"https:\/\/www.cintamani.com.br\/loja\/wp-content\/uploads\/2017\/10\/20171007_204537-150x113.jpg\" class=\"attachment-thumbnail size-thumbnail\" alt=\"\" aria-describedby=\"gallery-1-11581\" srcset=\"https:\/\/www.cintamani.com.br\/loja\/wp-content\/uploads\/2017\/10\/20171007_204537-150x113.jpg 150w, https:\/\/www.cintamani.com.br\/loja\/wp-content\/uploads\/2017\/10\/20171007_204537-300x225.jpg 300w, https:\/\/www.cintamani.com.br\/loja\/wp-content\/uploads\/2017\/10\/20171007_204537-768x576.jpg 768w, https:\/\/www.cintamani.com.br\/loja\/wp-content\/uploads\/2017\/10\/20171007_204537-1024x768.jpg 1024w\" sizes=\"auto, (max-width: 150px) 100vw, 150px\" \/><\/a>\n\t\t\t<\/dt>\n\t\t\t\t<dd class='wp-caption-text gallery-caption' id='gallery-1-11581'>\n\t\t\t\tLoja Cintamani &#8211; Amuletos e J\u00f3ias Tibetanas\n\t\t\t\t<\/dd><\/dl><br style=\"clear: both\" \/><dl class='gallery-item'>\n\t\t\t<dt class='gallery-icon portrait'>\n\t\t\t\t<a href='https:\/\/www.cintamani.com.br\/loja\/20171007_214323\/'><img loading=\"lazy\" decoding=\"async\" width=\"150\" height=\"151\" src=\"https:\/\/www.cintamani.com.br\/loja\/wp-content\/uploads\/2017\/10\/20171007_214323-150x151.jpg\" class=\"attachment-thumbnail size-thumbnail\" alt=\"\" aria-describedby=\"gallery-1-11684\" \/><\/a>\n\t\t\t<\/dt>\n\t\t\t\t<dd class='wp-caption-text gallery-caption' id='gallery-1-11684'>\n\t\t\t\tLoja Cintamani &#8211; Livros Budistas, Musicas e Mantras\n\t\t\t\t<\/dd><\/dl><dl class='gallery-item'>\n\t\t\t<dt class='gallery-icon landscape'>\n\t\t\t\t<a href='https:\/\/www.cintamani.com.br\/loja\/20171007_214208\/'><img loading=\"lazy\" decoding=\"async\" width=\"150\" height=\"135\" src=\"https:\/\/www.cintamani.com.br\/loja\/wp-content\/uploads\/2017\/10\/20171007_214208-150x135.jpg\" class=\"attachment-thumbnail size-thumbnail\" alt=\"\" aria-describedby=\"gallery-1-11681\" srcset=\"https:\/\/www.cintamani.com.br\/loja\/wp-content\/uploads\/2017\/10\/20171007_214208-150x135.jpg 150w, https:\/\/www.cintamani.com.br\/loja\/wp-content\/uploads\/2017\/10\/20171007_214208-300x270.jpg 300w, https:\/\/www.cintamani.com.br\/loja\/wp-content\/uploads\/2017\/10\/20171007_214208-768x690.jpg 768w, https:\/\/www.cintamani.com.br\/loja\/wp-content\/uploads\/2017\/10\/20171007_214208-1024x920.jpg 1024w\" sizes=\"auto, (max-width: 150px) 100vw, 150px\" \/><\/a>\n\t\t\t<\/dt>\n\t\t\t\t<dd class='wp-caption-text gallery-caption' id='gallery-1-11681'>\n\t\t\t\tLoja Cintamani &#8211; Flores de L\u00f3tus de Cristal e Drag\u00f5es\n\t\t\t\t<\/dd><\/dl><dl class='gallery-item'>\n\t\t\t<dt class='gallery-icon portrait'>\n\t\t\t\t<a href='https:\/\/www.cintamani.com.br\/loja\/20171007_214250\/'><img loading=\"lazy\" decoding=\"async\" width=\"150\" height=\"165\" src=\"https:\/\/www.cintamani.com.br\/loja\/wp-content\/uploads\/2017\/10\/20171007_214250-150x165.jpg\" class=\"attachment-thumbnail size-thumbnail\" alt=\"\" aria-describedby=\"gallery-1-11683\" \/><\/a>\n\t\t\t<\/dt>\n\t\t\t\t<dd class='wp-caption-text gallery-caption' id='gallery-1-11683'>\n\t\t\t\tLoja Cintamani &#8211; Est\u00e1tuas Budistas, Rodas de Ora\u00e7\u00e3o e Incensos Tibetanos\n\t\t\t\t<\/dd><\/dl><br style=\"clear: both\" \/><dl class='gallery-item'>\n\t\t\t<dt class='gallery-icon portrait'>\n\t\t\t\t<a href='https:\/\/www.cintamani.com.br\/loja\/20171007_214430\/'><img loading=\"lazy\" decoding=\"async\" width=\"150\" height=\"204\" src=\"https:\/\/www.cintamani.com.br\/loja\/wp-content\/uploads\/2017\/10\/20171007_214430-e1507424588599-150x204.jpg\" class=\"attachment-thumbnail size-thumbnail\" alt=\"\" aria-describedby=\"gallery-1-11689\" \/><\/a>\n\t\t\t<\/dt>\n\t\t\t\t<dd class='wp-caption-text gallery-caption' id='gallery-1-11689'>\n\t\t\t\tLoja Cintamani &#8211; Amuletos Tibetanos, Bandeiras de Ora\u00e7\u00e3o e Mantras de Prote\u00e7\u00e3o.\n\t\t\t\t<\/dd><\/dl><dl class='gallery-item'>\n\t\t\t<dt class='gallery-icon portrait'>\n\t\t\t\t<a href='https:\/\/www.cintamani.com.br\/loja\/20171007_214001\/'><img loading=\"lazy\" decoding=\"async\" width=\"150\" height=\"194\" src=\"https:\/\/www.cintamani.com.br\/loja\/wp-content\/uploads\/2017\/10\/20171007_214001-e1507424630843-150x194.jpg\" class=\"attachment-thumbnail size-thumbnail\" alt=\"\" aria-describedby=\"gallery-1-11686\" \/><\/a>\n\t\t\t<\/dt>\n\t\t\t\t<dd class='wp-caption-text gallery-caption' id='gallery-1-11686'>\n\t\t\t\tLoja Cintamani &#8211; Armarinho e Fios para Restaura\u00e7\u00e3o de Malas\n\t\t\t\t<\/dd><\/dl><dl class='gallery-item'>\n\t\t\t<dt class='gallery-icon portrait'>\n\t\t\t\t<a href='https:\/\/www.cintamani.com.br\/loja\/20171007_213930\/'><img loading=\"lazy\" decoding=\"async\" width=\"150\" height=\"179\" src=\"https:\/\/www.cintamani.com.br\/loja\/wp-content\/uploads\/2017\/10\/20171007_213930-150x179.jpg\" class=\"attachment-thumbnail size-thumbnail\" alt=\"\" aria-describedby=\"gallery-1-11680\" \/><\/a>\n\t\t\t<\/dt>\n\t\t\t\t<dd class='wp-caption-text gallery-caption' id='gallery-1-11680'>\n\t\t\t\tLoja Cintamani &#8211; Aromatizadores e \u00d3leos Perfumados\n\t\t\t\t<\/dd><\/dl><br style=\"clear: both\" \/>\n\t\t<\/div>\n\n","protected":false},"excerpt":{"rendered":"<p>Cintamani &#8211; Medita\u00e7\u00e3o e Arte &amp; Dawa Lama Buddhist Art &#8211; Escultura e Artefatos Religiosos Nova loja na sede pr\u00f3pria &#8211; Junto ao studio Dawa Lama:<\/p>\n","protected":false},"author":19560,"featured_media":0,"parent":0,"menu_order":0,"comment_status":"closed","ping_status":"closed","template":"","meta":{"footnotes":""},"class_list":["post-415","page","type-page","status-publish","hentry"],"_links":{"self":[{"href":"https:\/\/www.cintamani.com.br\/loja\/wp-json\/wp\/v2\/pages\/415","targetHints":{"allow":["GET"]}}],"collection":[{"href":"https:\/\/www.cintamani.com.br\/loja\/wp-json\/wp\/v2\/pages"}],"about":[{"href":"https:\/\/www.cintamani.com.br\/loja\/wp-json\/wp\/v2\/types\/page"}],"author":[{"embeddable":true,"href":"https:\/\/www.cintamani.com.br\/loja\/wp-json\/wp\/v2\/users\/19560"}],"replies":[{"embeddable":true,"href":"https:\/\/www.cintamani.com.br\/loja\/wp-json\/wp\/v2\/comments?post=415"}],"version-history":[{"count":7,"href":"https:\/\/www.cintamani.com.br\/loja\/wp-json\/wp\/v2\/pages\/415\/revisions"}],"predecessor-version":[{"id":90022,"href":"https:\/\/www.cintamani.com.br\/loja\/wp-json\/wp\/v2\/pages\/415\/revisions\/90022"}],"wp:attachment":[{"href":"https:\/\/www.cintamani.com.br\/loja\/wp-json\/wp\/v2\/media?parent=415"}],"curies":[{"name":"wp","href":"https:\/\/api.w.org\/{rel}","templated":true}]}}