{"id":388,"date":"2015-03-01T10:44:45","date_gmt":"2015-03-01T13:44:45","guid":{"rendered":"http:\/\/www.cintamani.com.br\/loja\/shop\/"},"modified":"2023-11-08T12:09:19","modified_gmt":"2023-11-08T15:09:19","slug":"shop","status":"publish","type":"page","link":"https:\/\/www.cintamani.com.br\/loja\/","title":{"rendered":"CINTAMANI &#8211; MEDITA\u00c7\u00c3O E ARTE"},"content":{"rendered":"<p>Cintamani &#8211; Medita\u00e7\u00e3o e Arte &amp; Dawa Lama Buddhist Art &#8211; Escultura e Artefatos Religiosos<\/p>\n","protected":false},"excerpt":{"rendered":"<p>Cintamani &#8211; Medita\u00e7\u00e3o e Arte &amp; Dawa Lama Buddhist Art &#8211; Escultura e Artefatos Religiosos<\/p>\n","protected":false},"author":19560,"featured_media":0,"parent":0,"menu_order":0,"comment_status":"closed","ping_status":"closed","template":"","meta":{"footnotes":""},"class_list":["post-388","page","type-page","status-publish","hentry"],"_links":{"self":[{"href":"https:\/\/www.cintamani.com.br\/loja\/wp-json\/wp\/v2\/pages\/388","targetHints":{"allow":["GET"]}}],"collection":[{"href":"https:\/\/www.cintamani.com.br\/loja\/wp-json\/wp\/v2\/pages"}],"about":[{"href":"https:\/\/www.cintamani.com.br\/loja\/wp-json\/wp\/v2\/types\/page"}],"author":[{"embeddable":true,"href":"https:\/\/www.cintamani.com.br\/loja\/wp-json\/wp\/v2\/users\/19560"}],"replies":[{"embeddable":true,"href":"https:\/\/www.cintamani.com.br\/loja\/wp-json\/wp\/v2\/comments?post=388"}],"version-history":[{"count":1,"href":"https:\/\/www.cintamani.com.br\/loja\/wp-json\/wp\/v2\/pages\/388\/revisions"}],"predecessor-version":[{"id":90916,"href":"https:\/\/www.cintamani.com.br\/loja\/wp-json\/wp\/v2\/pages\/388\/revisions\/90916"}],"wp:attachment":[{"href":"https:\/\/www.cintamani.com.br\/loja\/wp-json\/wp\/v2\/media?parent=388"}],"curies":[{"name":"wp","href":"https:\/\/api.w.org\/{rel}","templated":true}]}}